 k be h(-3). Let y = k + -29. Let t(z) = z**2 - z + 1. Determine t(y).
13
Let v be -4 - (-27)/(15/(-5)). Let s(d) = -15*d**3 - 4*d**2 - 6*d - 17. Let t(f) = -7*f**3 - 2*f**2 - 3*f - 8. Let o(l) = v*t(l) + 6*s(l). Calculate o(-2).
-4
Let p(l) = l + 1. Let f be p(2). Let n = 26 - 18. Let v(d) = -14*d + 9. Let r(k) = -5*k + 3. Let z(c) = n*r(c) - 3*v(c). What is z(f)?
3
Suppose -3*n + c = -1, 5*c + 2 = -3. Let b(a) = -a + 6 + 10*a + n*a**2 + a**2. Suppose -152*t - 501 - 411 = 0. Calculate b(t).
-12
Suppose 3*l + 230*m - 229*m = 1, -2*m = -5*l + 20. Let x(o) = -2*o**2 - 4*o + 3. What is x(l)?
-13
Suppose y + 3 = -2*j, -11*j + 6*j + 3 = -y. Let v(n) = n**2 - 12. Give v(j).
-12
Let c(t) = t. Let b = 4 - -5. Let j be ((-6)/b)/(2/(-12)). Suppose -4*g + 5*g - 2*w - 4 = 0, -j = -g - 2*w. Give c(g).
4
Let o(j) be the third derivative of j**8/20160 - j**7/5040 + j**6/720 + j**5/15 + j**3/3 + 23*j**2. Let h(r) be the third derivative of o(r). What is h(5)?
21
Let f(a) = 6*a**2 + 5*a - 4. Suppose 17 = 2*b - 3*q, -5*b = -3*q + 4*q. Give f(b).
7
Suppose 3 + 5 = 4*n, 4*t = 4*n - 12. Let r be 9 + -2 + -3 + t. Let h(q) = -2*q + 2. What is h(r)?
-4
Suppose 10*c - 36 = -166. Let i(u) = u**2 + 14*u + 16. Calculate i(c).
3
Let w(c) be the third derivative of -c**7/840 + 7*c**4/24 - 5*c**3/6 - 8*c**2. Let j(f) be the first derivative of w(f). Calculate j(0).
7
Let j(l) = l**3 - l**2 + l - 2. Let p = 72 + -92. Let o be (8 + p/4)*2/3. Determine j(o).
4
Let p(t) be the third derivative of t**5/40 - t**4/8 - 3*t**3/2 + 9*t**2. Let j(y) be the first derivative of p(y). Calculate j(4).
9
Let i(q) = q**3 - q + 9. Let w(x) = -x**3 + 9*x**2 - 7*x - 8. Let f be 2/8 - (-4)/(16/31). Let o be w(f). Give i(o).
9
Let z(c) be the second derivative of c**4/12 + c**3/6 + 6*c**2 - 316*c. What is z(0)?
12
Let u(v) = -3*v**2. Let b(k) = -5*k - 17. Let m be b(5). Let i = m - -40. Give u(i).
-12
Let c(l) = l**2 - 14*l + 1. Let k be c(14). Let g(f) = -2*f**3 + 2*f**2 - f. What is g(k)?
-1
Let b(f) = 2*f + 6. Let h(i) = i - 7. Let j be h(5). Let w be (0 - 0)*j/4. Let l = w - 6. Give b(l).
-6
Let h(d) = 9*d + 2. Suppose -2*s - 14 = -w, s + 5*w - 7 = 8. Let v = 3 + s. Give h(v).
-16
Let r = -96 - -84. Let j(m) = -m**2 - 12*m + 3. Let o be j(r). Let h(p) = p**3 - 2*p**2 - 3*p - 3. Calculate h(o).
-3
Let a(y) = y**2 - 12*y + 5. Let u be a(11). Let j(g) = 4*g**2 + 6*g + 12. Let l(d) = -7*d**2 - 12*d - 23. Let c(o) = 5*j(o) + 3*l(o). Calculate c(u).
-9
Let z = -8 + 12. Suppose a - 9 = z. Let u(p) = 3*p - a - 5*p + 3*p + 4. What is u(4)?
-5
Let h(c) = c + 6. Let s be (15/(-12))/((-2)/(-8)). Suppose 0 = -3*b - 3*m - 39, -4*b + 3*m - 32 = 2*m. Let j = b - s. Give h(j).
2
Let w(i) = i - 1. Let d(s) = -5*s + 4. Let q(p) = -d(p) - 4*w(p). Let o be (0 - -1)*(1 + -1). Suppose o*j = -6*j - 12. Give q(j).
-2
Let w(h) = -h**2 + 2*h + 4. Let b be -18 - (0 + 0)/(-3). Let d be 4/b - 3382/171. Let o = d - -24. Calculate w(o).
-4
Suppose -24 = -2*x + 11*c - 16*c, -2*x + 2*c + 10 = 0. Let o(k) = -k**2 + 8*k + 1. Determine o(x).
8
Let u(t) be the third derivative of -t**6/180 + t**5/20 - 13*t**4/24 - 14*t**2. Let p(s) be the second derivative of u(s). What is p(4)?
-10
Let q(b) = -2*b**3 - 79*b**2 - 43*b - 166. Let h be q(-39). Let o(x) = 2*x + 25. Give o(h).
5
Let o(w) be the third derivative of -w**6/720 - 5*w**4/8 + 26*w**2 + w. Let d(s) be the second derivative of o(s). Let z = -5 + 9. Give d(z).
-4
Let g = 84 - 79. Let s(n) = -3*n - 4. Let r(o) = 8*o + 11. Let p = 11 - 0. Let d(t) = p*s(t) + 4*r(t). Calculate d(g).
-5
Let m(d) = 0 + 2277*d - 5 - 2227*d + 6. Give m(1).
51
Let o(z) = z**3 - 7*z**2 + z - 4. Let v be (9 + 50/(-4))/(2/(-4)). Determine o(v).
3
Let b(h) = -2*h**3 - 29*h**2 + 15*h - 9. Let d be b(-15). Let i(x) = x - 6. Calculate i(d).
-15
Let h(v) = -3*v**2 - 5*v - 1. Let j(q) = 2*q**2. Let w(m) = h(m) + 2*j(m). Let o = -136 + 143. What is w(o)?
13
Let a(s) = 0*s**2 + 2 - s**2 - 2. Let q = 24 - 24. Suppose -15*r + 12*r = q. Calculate a(r).
0
Let u(r) be the third derivative of -1/24*r**4 - 7/3*r**3 + 0 + 14*r**2 + 0*r. Give u(0).
-14
Suppose 0 = y + 3*l - 5 + 2, -2*y = -5*l - 6. Let v(n) be the first derivative of -3*n + y + 7/2*n**2. Give v(2).
11
Let r(f) = f**2 + 8*f + 9. Let p be r(-7). Let n(t) = 5 - 2 - 4 - 4*t. Determine n(p).
-9
Let a(d) = -6*d + 3. Let f(x) = -x**2 + 2*x. Let r(o) = -a(o) + 2*f(o). Determine r(6).
-15
Let t(a) = a**2 - 5*a + 6. Let l(g) = g**2 + g + 1. Let y(o) = 2*l(o) - t(o). Let i = -28 - -32. Suppose 2 + i = -z. Calculate y(z).
-10
Let h(z) = 3 - z + 2*z - 4*z. Let i = 593 + -598. Determine h(i).
18
Let y = -107 + 118. Suppose q - 2 = y*g - 13*g, 4*q - 16 = -4*g. Let p(t) = t**3 - 5*t**2 - 9*t + 9. Calculate p(q).
-9
Suppose 36 - 99 = -3*g. Suppose -3*v - 3 = -g. Suppose -2*s + 0*s = -v. Let m(u) = -u**2 + 7*u - 4. Determine m(s).
8
Let c(q) = q**3 + 5*q**2 - 7*q + 5. Let l be 466/(-66) + 310/5115. Calculate c(l).
-44
Let m(y) = -36 + 17 + 21 + 2*y + 9 + y**2 + y**3. Give m(0).
11
Let k(z) = z + 2. Suppose 2*s - 3 + 11 = 0. Calculate k(s).
-2
Let p(i) be the second derivative of i**5/20 + i**4/3 - i**2/2 - 3*i. Suppose -66 = 51*j + 87. Determine p(j).
8
Let b be -7 + (-24)/32*-8. Let r(k) = -3*k + 10*k + 1 + 0. Give r(b).
-6
Let c(h) = -7*h + 10 - h**2 - 28 + 16. Suppose 2*z - 6*z = 28. What is c(z)?
-2
Let f(l) = 51*l - 14*l + 19 - 14*l - 21*l. What is f(-9)?
1
Suppose 0*s = 5*s. Let j(w) = 100054 + 3*w - 2*w - 100031. What is j(s)?
23
Suppose 6*a = 10 - 28. Let z(f) = f**3 + f**2 - 3*f + 3. Calculate z(a).
-6
Let y be 0 + 0 - (-2 + 0). Let o(f) = 2*f**2 - 3*f. Let h be o(y). Let l(x) = 2*x - 93*x**2 + x + 92*x**2 - 36 + 37. What is l(h)?
3
Let o(a) = -a**3 + 2*a**2 + 2*a + 3. Let r = -17 - -21. Determine o(r).
-21
Let f(x) = 3*x + 3. Let w(o) = -2*o + 20. Let v be w(13). Let q(a) = -6*a - 6. Let g(p) = v*q(p) - 13*f(p). Determine g(3).
-12
Let t(x) = -x**2 - 2. Let v(d) = -d**2 - 5*d - 2. Let j(q) = 2*q - 4*q + 2*q - q. Let h be j(5). Let u be v(h). What is t(u)?
-6
Let y(f) = 44*f + 6 + 42*f - 85*f. Suppose -13 = -d - 4. Suppose 5*g - d*g - 24 = 0. Calculate y(g).
0
Suppose -4*j + 24 = 2*c, 0 = c + 3*j - 8*j + 23. Suppose -h = -c*h. Let g(o) = 4 - o - 1 + h. Calculate g(6).
-3
Let r be (8/(-10))/(6/15). Let h(d) = -5*d**2 - 3*d - 6. Let y(g) = -4*g**2 - 3*g - 4. Let o(m) = 2*h(m) - 3*y(m). Calculate o(r).
2
Let n(o) be the second derivative of 0 + 35*o + 7/2*o**2 - 1/6*o**3. Calculate n(5).
2
Let c = 12 - 7. Suppose 5*z - 22 = 4*a, -8 = -2*z - z + c*a. Let x(i) = 4 - 6*i + z*i**2 - 6 - 5*i**2. What is x(6)?
-2
Let h be 3/2*(-10)/(-3). Let j(l) = -22*l + 19. Let n(q) = -10*q + 9. Let f(g) = 2*j(g) - 5*n(g). Determine f(h).
23
Let s(h) be the third derivative of h**6/20 - h**5/30 + h**3/6 + 12*h**2. What is s(-1)?
-7
Let a(w) be the second derivative of -2*w**5/5 - w**4/12 + w**2/2 + 12*w - 1. Calculate a(-1).
8
Let t be (6 + -1 + 0)*-1. Let j(h) be the first derivative of h - 1 + 2*h**2 - 1/4*h**4 - 4/3*h**3. Give j(t).
6
Let x(j) = -j**3 - 3*j**2 - 2*j + 2. Suppose -7*i + 3*i = -144. Let c = 33 - i. Give x(c).
8
Let g(p) be the second derivative of p**3/3 + 9*p**2/2 + 20*p. Give g(-6).
-3
Let h(g) = -2*g - 19. Let o = 334 - 340. What is h(o)?
-7
Let p(h) be the second derivative of -14*h - 3*h**2 + 0 - 7/12*h**4 - 2/3*h**3 - 1/20*h**5. Calculate p(-6).
-18
Let r(l) be the second derivative of -l**4/6 - 7*l**3/6 + l**2/2 - 4*l. Let y be r(-4). Let p(z) = -z**2 - 2*z - 2. Determine p(y).
-5
Let o(r) be the first derivative of -r**3/3 - 2*r**2 - 4*r - 3. Let q(w) = 11*w + w**2 + 0 + 9 - 2. Let y be q(-10). Calculate o(y).
-1
Let c = -79 - -81. Let j be (-5 - -1) + 6/c. Let g(z) = -z**2. What is g(j)?
-1
Let a(g) be the second derivative of 3*g**4/2 - g**2/2 + g - 74. What is a(1)?
17
Let k(x) be the third derivative of 0 + 2/3*x**3 + 0*x - 1/24*x**4 + x**2. Let z(f) = 2*f - 27. Let s be z(11). What is k(s)?
9
Let r(k) = 8*k**3 + 2*k**2 + 2*k + 1. Suppose 29*z - 24*z = 0. Suppose z - 4 = -o. Let j = o + -5. Give r(j).
-7
Let y = 278 + -286. Let c(p) = p - 1. Let w(g) = 6*g + 4. Let m(r) = 5*c(r) - w(r). Give m(y).
-1
Let x = 23 + -21. Let c(b) = 12 - 8*b - b**x + 7*b + 4 + 3*b**3 - 4*b**3. Let l = 8 - 8. What is c(l)?
16
Suppose -3*y = 5*b + 30, 3*y - 24 = -18*b + 19